{"id":20,"date":"2019-10-07T12:59:44","date_gmt":"2019-10-07T12:59:44","guid":{"rendered":"https:\/\/maresch-it.at\/?page_id=20"},"modified":"2020-03-01T09:58:01","modified_gmt":"2020-03-01T09:58:01","slug":"websites","status":"publish","type":"page","link":"https:\/\/maresch-it.at\/?page_id=20","title":{"rendered":"Websites"},"content":{"rendered":"<h3>Unsere Philosophie !<\/h3>\n<p>&nbsp;<\/p>\n<h3>Analyse, Design, Konzept und Funktion &#8211; Wir sind f\u00fcr Sie pers\u00f6nlich da:<\/h3>\n<ul>\n<li>Sie suchen einen lokalen Partner f\u00fcr ihre professionelle Webentwicklung. Jemand der ihre Anforderungen und W\u00fcnsche erkennt und durch die Schaffung von klar strukturierten Websites, genau auf ihre Bed\u00fcrfnisse zugeschnitten, umsetzt.<\/li>\n<li>Wir erstellen Ihre neue Webseite (Homepage): individuell, zeitgem\u00e4\u00df, zu einem fairen Preis und exakt auf Sie und Ihre Zielgruppen ausgerichtet.<\/li>\n<li>Wir betreuen Sie von der Konzeptphase \u00fcber die Designentwicklung und Programmierung bis zur laufenden Optimierung Ihrer Website.<\/li>\n<li>Selbstverst\u00e4ndlich sind s\u00e4mtliche von uns gestaltete Websites mittels CMS \u2013 System erstellt und verwaltet und f\u00fcr s\u00e4mtliche Ger\u00e4te (PC, Tablet, Handy) optimiert.<\/li>\n<li>Ebenso wird eine Basisoptimierung f\u00fcr Suchmaschinen umgesetzt.<\/li>\n<\/ul>\n<h3>Nachhaltig im Bereich Funktion und Verf\u00fcgbarkeit &#8211; anderer reden, wir setzen um:<\/h3>\n<ul>\n<li>Wir k\u00fcmmern uns mit \u00f6sterreichischen Partner um das Hosting und den fehlerfreien Betrieb ihrer Websites in einem ISO 27001 zertifizierten Rechenzentrum im \u00f6sterreichischem Recht.<\/li>\n<li>Patchmanagement ist f\u00fcr uns selbstverst\u00e4ndlich und geh\u00f6rt zum t\u00e4glichen Betrieb, ob Server, Infrastruktur, CMS-Systeme, oder Plug-Ins und Templates, die laufende Wartung dieser Systeme sichert die Werthaltigkeit ihrer Investitionen.<\/li>\n<\/ul>\n<h3>Informationssicherheit und Datenschutz ist ihnen wichtig &#8211; uns ebenfalls.<\/h3>\n<ul>\n<li>Wir beraten Sie bei allen Anforderungen der DSGVO und der Informationssicherheit an ihre Homepage und setzen dies auch entsprechend um.<\/li>\n<li>Wir integrieren auf Wunsch die, \u00fcber die Website hinausgehenden Anforderungen von Datenschutzerkl\u00e4rungen ihrer Firma in die Homepage, und verschaffen Ihnen damit ein gr\u00f6\u00dftm\u00f6gliches Ma\u00df an Rechtssicherheit<\/li>\n<li>Laufende Wartung, Optimierung und Content Pflege \u2013 Sie wollen sich auf ihre Kernaufgaben konzentrieren- wir sind f\u00fcr Sie da.<\/li>\n<\/ul>\n<h3>Gerne \u00fcbernehmen wir f\u00fcr sie:<\/h3>\n<ul>\n<li>die laufende Content Pflege ihrer Homepage. Einfach Information per Mail, Flyer, Telefon an uns, und wir \u00fcbernehmen den Rest und das zu einem monatlichen Fixpreis.<\/li>\n<li>Die Anpassung der Homepage an ihre Gesch\u00e4ftsanforderungen, Prozesse und Kundenw\u00fcnsche. Rasch, Effizient und Unb\u00fcrokratisch setzen wir ihre Anforderungen um.<\/li>\n<\/ul>\n<h3>Klar definiertes Ausstiegsszenario \u2013 sollten Sie mit uns unzufrieden sein, kein Problem ihre Website bleibt ihre Website:<\/h3>\n<ul>\n<li>Wir wollen ihr Partner bleiben, weil Sie mit uns zufrieden sind und nicht, weil sie dazu gezwungen sind.<\/li>\n<\/ul>\n<p><strong>Und das alles zu einem Fixpreis-Paket f\u00fcr Private, Einzel \u2013 und Gewerbeunternehmen sowie Unternehmen aus dem Bereich KMU. Ihre Website verf\u00fcgt \u00fcber ein Content Management System zur einfachen Verwaltung der Inhalte, ein individuelles Design, perfekte, zeitgem\u00e4\u00dfe Programmierung sowie Optimierung f\u00fcr mobile Ger\u00e4te. Mit unserer Preisgestaltung sind f\u00fcr Sie die Kosten einfach zu kalkulieren und frei von \u00dcberraschungen.<\/strong><\/p>\n<p>&nbsp;<\/p>\n<h3>Welche Leistungen erhalten Sie bei uns:<\/h3>\n<ul>\n<li>Konzept &amp; Design<\/li>\n<li>Beratung zur Strukturierung der Inhalte<\/li>\n<li>Konzeptentwicklung Design-Struktur<\/li>\n<li>einen pers\u00f6nlichen Ansprechpartner<\/li>\n<\/ul>\n<h3>Funktionen<\/h3>\n<ul>\n<li>Webseite mit CMS WordPress.<\/li>\n<li>F\u00fcr alle Ger\u00e4te optimierte Darstellung (mobil optimiert)<\/li>\n<li>Suchmaschinenoptimierte Programmierung<\/li>\n<li>Keine Einschr\u00e4nkungen der Seiten und Men\u00fcpunkte<\/li>\n<li>Bildergalerien<\/li>\n<li>Kontaktformulare<\/li>\n<li>Anfrageformulare<\/li>\n<li>DSGVO konform<\/li>\n<\/ul>\n<h3>Beratung &amp; Betreuung<\/h3>\n<ul>\n<li>Beratung zur Suchmaschinenoptimierung<\/li>\n<li>Telefonsupport (bei Abschluss eines Wartungsvertrages)<\/li>\n<\/ul>\n<h3>Welche Leistungen sind im Paket enthalten gratis enthalten \u2013 Umsonst hei\u00dft nicht minderwertig:<\/h3>\n<ul>\n<li>5 Mailadressen<\/li>\n<li>10 GB Webspace<\/li>\n<li>Monatliches Datenvolumen in der Gr\u00f6\u00dfe von 50 GB<\/li>\n<\/ul>\n<p>&nbsp;<\/p>\n","protected":false},"excerpt":{"rendered":"<p>Unsere Philosophie ! &nbsp; Analyse, Design, Konzept und Funktion &#8211; Wir sind f\u00fcr Sie pers\u00f6nlich da: Sie suchen einen lokalen Partner f\u00fcr ihre professionelle Webentwicklung. Jemand der ihre Anforderungen und W\u00fcnsche erkennt und durch die Schaffung von klar strukturierten Websites, [&hellip;]<\/p>\n","protected":false},"author":1,"featured_media":0,"parent":0,"menu_order":0,"comment_status":"closed","ping_status":"closed","template":"","meta":{"footnotes":""},"class_list":["post-20","page","type-page","status-publish","hentry"],"yoast_head":"<!-- This site is optimized with the Yoast SEO plugin v27.4 - https:\/\/yoast.com\/product\/yoast-seo-wordpress\/ -->\n<title>Websites - MARESCH<\/title>\n<meta name=\"robots\" content=\"index, follow, max-snippet:-1, max-image-preview:large, max-video-preview:-1\" \/>\n<link rel=\"canonical\" href=\"https:\/\/maresch-it.at\/?page_id=20\" \/>\n<meta property=\"og:locale\" content=\"de_DE\" \/>\n<meta property=\"og:type\" content=\"article\" \/>\n<meta property=\"og:title\" content=\"Websites - MARESCH\" \/>\n<meta property=\"og:description\" content=\"Unsere Philosophie ! &nbsp; Analyse, Design, Konzept und Funktion &#8211; Wir sind f\u00fcr Sie pers\u00f6nlich da: Sie suchen einen lokalen Partner f\u00fcr ihre professionelle Webentwicklung. Jemand der ihre Anforderungen und W\u00fcnsche erkennt und durch die Schaffung von klar strukturierten Websites, [&hellip;]\" \/>\n<meta property=\"og:url\" content=\"https:\/\/maresch-it.at\/?page_id=20\" \/>\n<meta property=\"og:site_name\" content=\"MARESCH\" \/>\n<meta property=\"article:modified_time\" content=\"2020-03-01T09:58:01+00:00\" \/>\n<meta name=\"twitter:card\" content=\"summary_large_image\" \/>\n<meta name=\"twitter:label1\" content=\"Gesch\u00e4tzte Lesezeit\" \/>\n\t<meta name=\"twitter:data1\" content=\"3\u00a0Minuten\" \/>\n<script type=\"application\/ld+json\" class=\"yoast-schema-graph\">{\"@context\":\"https:\\\/\\\/schema.org\",\"@graph\":[{\"@type\":\"WebPage\",\"@id\":\"https:\\\/\\\/maresch-it.at\\\/?page_id=20\",\"url\":\"https:\\\/\\\/maresch-it.at\\\/?page_id=20\",\"name\":\"Websites - MARESCH\",\"isPartOf\":{\"@id\":\"https:\\\/\\\/maresch-it.at\\\/#website\"},\"datePublished\":\"2019-10-07T12:59:44+00:00\",\"dateModified\":\"2020-03-01T09:58:01+00:00\",\"breadcrumb\":{\"@id\":\"https:\\\/\\\/maresch-it.at\\\/?page_id=20#breadcrumb\"},\"inLanguage\":\"de\",\"potentialAction\":[{\"@type\":\"ReadAction\",\"target\":[\"https:\\\/\\\/maresch-it.at\\\/?page_id=20\"]}]},{\"@type\":\"BreadcrumbList\",\"@id\":\"https:\\\/\\\/maresch-it.at\\\/?page_id=20#breadcrumb\",\"itemListElement\":[{\"@type\":\"ListItem\",\"position\":1,\"name\":\"Home\",\"item\":\"https:\\\/\\\/maresch-it.at\\\/\"},{\"@type\":\"ListItem\",\"position\":2,\"name\":\"Websites\"}]},{\"@type\":\"WebSite\",\"@id\":\"https:\\\/\\\/maresch-it.at\\\/#website\",\"url\":\"https:\\\/\\\/maresch-it.at\\\/\",\"name\":\"MARESCH_IT\",\"description\":\"IT-Dienstleistung &amp; Consulting\",\"publisher\":{\"@id\":\"https:\\\/\\\/maresch-it.at\\\/#organization\"},\"potentialAction\":[{\"@type\":\"SearchAction\",\"target\":{\"@type\":\"EntryPoint\",\"urlTemplate\":\"https:\\\/\\\/maresch-it.at\\\/?s={search_term_string}\"},\"query-input\":{\"@type\":\"PropertyValueSpecification\",\"valueRequired\":true,\"valueName\":\"search_term_string\"}}],\"inLanguage\":\"de\"},{\"@type\":\"Organization\",\"@id\":\"https:\\\/\\\/maresch-it.at\\\/#organization\",\"name\":\"Maresch IT-Dienstleistungen & Consulting\",\"url\":\"https:\\\/\\\/maresch-it.at\\\/\",\"logo\":{\"@type\":\"ImageObject\",\"inLanguage\":\"de\",\"@id\":\"https:\\\/\\\/maresch-it.at\\\/#\\\/schema\\\/logo\\\/image\\\/\",\"url\":\"https:\\\/\\\/maresch-it.at\\\/wp-content\\\/uploads\\\/2025\\\/01\\\/cropped-Logo-Maresch-IT-720.jpg\",\"contentUrl\":\"https:\\\/\\\/maresch-it.at\\\/wp-content\\\/uploads\\\/2025\\\/01\\\/cropped-Logo-Maresch-IT-720.jpg\",\"width\":596,\"height\":475,\"caption\":\"Maresch IT-Dienstleistungen & Consulting\"},\"image\":{\"@id\":\"https:\\\/\\\/maresch-it.at\\\/#\\\/schema\\\/logo\\\/image\\\/\"}}]}<\/script>\n<!-- \/ Yoast SEO plugin. -->","yoast_head_json":{"title":"Websites - MARESCH","robots":{"index":"index","follow":"follow","max-snippet":"max-snippet:-1","max-image-preview":"max-image-preview:large","max-video-preview":"max-video-preview:-1"},"canonical":"https:\/\/maresch-it.at\/?page_id=20","og_locale":"de_DE","og_type":"article","og_title":"Websites - MARESCH","og_description":"Unsere Philosophie ! &nbsp; Analyse, Design, Konzept und Funktion &#8211; Wir sind f\u00fcr Sie pers\u00f6nlich da: Sie suchen einen lokalen Partner f\u00fcr ihre professionelle Webentwicklung. Jemand der ihre Anforderungen und W\u00fcnsche erkennt und durch die Schaffung von klar strukturierten Websites, [&hellip;]","og_url":"https:\/\/maresch-it.at\/?page_id=20","og_site_name":"MARESCH","article_modified_time":"2020-03-01T09:58:01+00:00","twitter_card":"summary_large_image","twitter_misc":{"Gesch\u00e4tzte Lesezeit":"3\u00a0Minuten"},"schema":{"@context":"https:\/\/schema.org","@graph":[{"@type":"WebPage","@id":"https:\/\/maresch-it.at\/?page_id=20","url":"https:\/\/maresch-it.at\/?page_id=20","name":"Websites - MARESCH","isPartOf":{"@id":"https:\/\/maresch-it.at\/#website"},"datePublished":"2019-10-07T12:59:44+00:00","dateModified":"2020-03-01T09:58:01+00:00","breadcrumb":{"@id":"https:\/\/maresch-it.at\/?page_id=20#breadcrumb"},"inLanguage":"de","potentialAction":[{"@type":"ReadAction","target":["https:\/\/maresch-it.at\/?page_id=20"]}]},{"@type":"BreadcrumbList","@id":"https:\/\/maresch-it.at\/?page_id=20#breadcrumb","itemListElement":[{"@type":"ListItem","position":1,"name":"Home","item":"https:\/\/maresch-it.at\/"},{"@type":"ListItem","position":2,"name":"Websites"}]},{"@type":"WebSite","@id":"https:\/\/maresch-it.at\/#website","url":"https:\/\/maresch-it.at\/","name":"MARESCH_IT","description":"IT-Dienstleistung &amp; Consulting","publisher":{"@id":"https:\/\/maresch-it.at\/#organization"},"potentialAction":[{"@type":"SearchAction","target":{"@type":"EntryPoint","urlTemplate":"https:\/\/maresch-it.at\/?s={search_term_string}"},"query-input":{"@type":"PropertyValueSpecification","valueRequired":true,"valueName":"search_term_string"}}],"inLanguage":"de"},{"@type":"Organization","@id":"https:\/\/maresch-it.at\/#organization","name":"Maresch IT-Dienstleistungen & Consulting","url":"https:\/\/maresch-it.at\/","logo":{"@type":"ImageObject","inLanguage":"de","@id":"https:\/\/maresch-it.at\/#\/schema\/logo\/image\/","url":"https:\/\/maresch-it.at\/wp-content\/uploads\/2025\/01\/cropped-Logo-Maresch-IT-720.jpg","contentUrl":"https:\/\/maresch-it.at\/wp-content\/uploads\/2025\/01\/cropped-Logo-Maresch-IT-720.jpg","width":596,"height":475,"caption":"Maresch IT-Dienstleistungen & Consulting"},"image":{"@id":"https:\/\/maresch-it.at\/#\/schema\/logo\/image\/"}}]}},"_links":{"self":[{"href":"https:\/\/maresch-it.at\/index.php?rest_route=\/wp\/v2\/pages\/20","targetHints":{"allow":["GET"]}}],"collection":[{"href":"https:\/\/maresch-it.at\/index.php?rest_route=\/wp\/v2\/pages"}],"about":[{"href":"https:\/\/maresch-it.at\/index.php?rest_route=\/wp\/v2\/types\/page"}],"author":[{"embeddable":true,"href":"https:\/\/maresch-it.at\/index.php?rest_route=\/wp\/v2\/users\/1"}],"replies":[{"embeddable":true,"href":"https:\/\/maresch-it.at\/index.php?rest_route=%2Fwp%2Fv2%2Fcomments&post=20"}],"version-history":[{"count":10,"href":"https:\/\/maresch-it.at\/index.php?rest_route=\/wp\/v2\/pages\/20\/revisions"}],"predecessor-version":[{"id":533,"href":"https:\/\/maresch-it.at\/index.php?rest_route=\/wp\/v2\/pages\/20\/revisions\/533"}],"wp:attachment":[{"href":"https:\/\/maresch-it.at\/index.php?rest_route=%2Fwp%2Fv2%2Fmedia&parent=20"}],"curies":[{"name":"wp","href":"https:\/\/api.w.org\/{rel}","templated":true}]}}